site number?
True
Let d(u) = 12*u - 6. Let n be d(1). Suppose -n*a = -7*a + 2. Suppose -a*y = 2, 0 = i - 0*y - y - 92. Is i a prime number?
False
Let i = -23750 + 86681. Let f = 89478 - i. Is f prime?
False
Let v(i) = 6*i + 38 + 7*i - 34. Let m be v(7). Suppose -98*x + 10533 = -m*x. Is x a prime number?
True
Let v = 51 + -48. Suppose 4*w = -v*j + 2421, -w - 5*j + 2427 = 3*w. Suppose -434 = -q + w. Is q prime?
False
Let o(j) = 2*j**2 - 27*j - 12. Let m be o(14). Suppose 2*k - m*w - 7434 = 0, 5*k + w = 4*w + 18581. Is k prime?
False
Let g(s) be the third derivative of -s**4/24 - s**3 + 20*s**2. Let y be g(-14). Suppose y*v - 2121 = 1487. Is v a prime number?
False
Suppose -6*o - 77671 = -i, o = -2*i + 147650 + 7718. Is i a prime number?
False
Let c = 2381 + -1672. Is (c/4)/(2*(-3)/(-168)) composite?
True
Suppose -514*c + 28598156 = -350*c. Is c a prime number?
False
Let z = -34448 - -92781. Is z composite?
True
Suppose 170*n - 159*n = 8142079. Is n composite?
False
Let j = 44 - 42. Let n be -1 + (j + -3 - -2). Is (126 + 1)*(1 - n) a prime number?
True
Is ((-6)/20)/(36/(-63525720)) composite?
False
Suppose -10562 = -4*c + 18218. Let l = c - 3396. Is l a composite number?
True
Suppose 3*d - 3041101 = -5*u, -128*u + 12 = -131*u. Is d a prime number?
False
Let l = 6 - 16. Let o be 1/(-5) - (-7 + 6952/l). Let t = 1243 - o. Is t composite?
False
Is 11/((-660)/36) - 326818/(-5) a composite number?
True
Let j(l) = 2*l**2 - 3*l - 7. Let k be 1/1*(-8 + (-28)/(-7)). Let x be j(k). Suppose -33*p + x*p = 2084. Is p composite?
False
Let r(a) = 2*a**2 + 6*a + 5. Let z(l) = -l**2. Let i(b) = r(b) - 5*z(b). Is i(6) a prime number?
True
Suppose 12*d - 22 = 26. Is 217 + (-6)/(d*6/(-24)) prime?
True
Suppose 108*s = 112*s - 2732. Let w = -190 + s. Is w prime?
False
Let n = -224 + 219. Is (3*n/(-15))/(4/26996) composite?
True
Let y = 22 + -17. Let k(b) = -b**2 + 6*b - 1. Let r be k(y). Suppose r*z = 2480 - 316. Is z prime?
True
Suppose -4*t - 3*t - 203 = 0. Let q = -26 - t. Suppose q*a - 4*o = 1175, 0*a + 3*a - o - 1187 = 0. Is a a prime number?
True
Let u(y) = 5*y**2 + 9*y + 9. Suppose -2*a = 2*i - 20, 0 = -2*i - 3*i + 5*a + 10. Let b be ((4/i)/2)/((-2)/42). Is u(b) prime?
True
Suppose 79*l + 4457561 = 2889149 + 11398145. Is l prime?
True
Suppose -6*b + 619345 = -6*b + 5*b. Is b prime?
False
Suppose 5 = -11*y + 12*y. Suppose 9*n = 3*s + y*n - 5343, 1781 = s - 2*n. Is s a composite number?
True
Suppose 6 = -791*d + 794*d, -3*a - 4*d + 69575 = 0. Is a composite?
False
Let z(v) = -1346 + 379*v + 1225 + 74*v. Is z(20) a composite number?
True
Let g(f) = f**3 - 3*f**2 + 4*f - 5. Let u be g(3). Let n(b) = 2*b + 328 - u*b + 28*b**3 + 5*b**2 - 339. Is n(4) prime?
False
Let o(c) = -c**2 + c + 1561. Suppose q + 5 = -3*b - 0*b, 4*q + 20 = 0. Is o(b) a composite number?
True
Suppose 1527844 = 230*g + 345414. Is g composite?
True
Let y = -3248 + 5282. Let q = y - 1126. Suppose 2*a - q = 2*x, -5*x + 620 + 702 = 3*a. Is a prime?
True
Is 3742236/84*98/42 a composite number?
False
Is (-38149)/2*((-2)/4 - (-688)/(-32)) a prime number?
False
Let r(i) be the first derivative of 3*i**2/2 + 14*i - 14. Let c be r(-9). Let g = 99 + c. Is g prime?
False
Let c(s) = -4*s + 2. Let t be c(-1). Suppose t*y - 13545 = 11481. Is y prime?
False
Let f be 6/(-24)*-2 + 114/(-4). Let q be (-8)/28 + (-204)/f. Suppose -5*g + 1792 = v, q*v + 3 = 6*v. Is g a prime number?
True
Let n(m) = 5001*m + 48. Let f(k) = 2501*k + 23. Let o(h) = 5*f(h) - 3*n(h). Is o(-5) a composite number?
True
Suppose 5*y - 5563700 = 5*b, -2*b - 1112731 = -10*y + 9*y. Is y a composite number?
True
Suppose 4410 = -6*l + 4428. Suppose -13 = -z - 2*z - 4*f, -z - f = -4. Suppose 0 = -4*g - l*s + 504, 2*g + 0 = z*s + 234. Is g a composite number?
True
Suppose -3782*s = -3805*s + 35811. Let p = -1840 - -1026. Let m = s + p. Is m composite?
False
Suppose 0*p = 2*p - 3*p. Suppose p = -47*r + 43*r + 1492. Is r a composite number?
False
Let p = -98261 + 174004. Is p prime?
True
Let a(x) = 5*x + 3 - 10*x**2 + 17*x**2 - 6*x**2 - 3944*x**3. Is a(-1) composite?
False
Let m = -124 - -140. Suppose -326 = -m*k + 50282. Is k a prime number?
True
Let g(t) = -t**3 - 11*t**2 - 10*t + 14. Let y be g(-13). Let c = y - -835. Is c a composite number?
True
Suppose 2*v = -4*g + 4*v + 68, -3*g = 5*v - 38. Let n(y) = y**3 - 16*y**2 + 18*y - 37. Let k be n(g). Is -7*(-7)/((-147)/(-6)) + k composite?
True
Let x = -53 + 1. Let d = -47 - x. Suppose d*a - 171 = -m, 3*m - 555 = -2*a + 10. Is m a composite number?
False
Let p = 7 - -5. Suppose 8 + p = 10*g. Suppose -5*k + 2*n = -n - 1681, 3*k - g*n - 1009 = 0. Is k prime?
False
Let w = 33279 + -8486. Is w prime?
True
Let j(z) = 243*z**2 + 166*z - 367. Is j(-100) a composite number?
True
Suppose -3*h - 5*f + 11 = 0, 3*h - 5*f - 1 = 5*h. Let s = 165 - h. Let b = s + -56. Is b composite?
False
Suppose -y + x + 177315 + 75635 = 0, -1264743 = -5*y - 2*x. Is y composite?
False
Let r be 4*(-4)/(-32)*-12. Let d = r - -6. Suppose -v + d*k = -k - 84, 5*v + k - 414 = 0. Is v a composite number?
False
Suppose -16 = -4*k - 0. Is 0/(k - 3) - -2479 a composite number?
True
Suppose 348719 = 4*h + i, -6*h + 7*h - 5*i = 87164. Is h composite?
False
Let v(d) = 124*d**2 + 17*d - 35. Let i be v(11). Let t = -26910 + i. Is (t/15)/(7/((-105)/6)) a prime number?
False
Is -10*(-9)/180*135878 prime?
True
Let a = -3359 - -5143. Suppose 2502 - 714 = -4*k. Let v = a + k. Is v composite?
True
Let h = 9 + -4. Suppose h*f = -i + 10 + 7, 2*f - 4 = i. Suppose -f*u + 7083 = 6*u. Is u a composite number?
False
Let a(n) = -8*n - 49. Let i be a(-6). Let p be i/((-7)/222) - 4/(-14). Is (-8)/(p/(-10))*2798/5 prime?
True
Suppose -27*t - 22*t + 86828 = 0. Is (-1740)/40*t/(-6) a prime number?
False
Suppose c - 4*p + 4 = 3*c, c - 5*p = 9. Suppose 7 = f - c*a - 8, -4*a - 4 = 0. Suppose 0 = f*y - 7*y - 1268. Is y a prime number?
True
Let j = -39847 + 19371. Let r = -13043 - j. Is r prime?
True
Let i(q) = -q**3. Let p(l) = -10*l**3 - 10*l**2 + 15*l - 60. Let x(g) = -2*i(g) - p(g). Is x(7) composite?
False
Let q = -63 + 63. Let t be 8 + (q + 12)/(-3). Suppose 5*a + 9*l = t*l + 1810, -3*l = -12. Is a a composite number?
True
Suppose 3*y - 1754339 = -453441 + 501415. Is y a prime number?
False
Let z = 74076 + -30379. Is z a composite number?
True
Let m = 59128 - 40954. Suppose -2*c - 4*s = -9062, -4*c - s = -3*s - m. Is c composite?
True
Is (14 - 3650864/(-42))*3/2 a composite number?
False
Let o be 6 - (34713 - 3)/5. Let c = -3665 - o. Is c composite?
False
Let a(w) = 912*w**3 + w**2 - 2*w - 1. Let b = 325 - 323. Is a(b) a prime number?
False
Suppose 0 = 275*n + 245*n - 121*n - 510113919. Is n composite?
False
Let h = -95029 + 155126. Is h composite?
True
Suppose -23*g - 319 = 6*g. Let w(q) = -321*q - 142. Is w(g) a composite number?
False
Let t = 12025 + -2292. Is t prime?
True
Let b(i) = -51*i + 2. Let j = -27 - -52. Suppose 3*h + j = -4*l, -3*l + 6*l + 3 = 0. Is b(h) a composite number?
False
Let h(d) = -d**3 - 7*d**2 + 3*d + 16. Let j be h(-7). Let u be 5*-5*j/25. Suppose u*q - 4*i = 1929, 5*q = i + 2004 - 63. Is q composite?
False
Let l(i) = i**3 - 7*i**2 - 2*i - 4. Let o be l(7). Is (-4)/o - 1032620/(-180) composite?
False
Let a be -2 - 37*(-3)/(-3). Let d be (-14)/(135/(-19) - -7). Let y = a + d. Is y a composite number?
True
Let x be (-2)/((-3)/((-42)/(-2))). Is 15/6 - (4 - 55895/x) a composite number?
True
Let f(n) = 13*n + 213*n**2 + 13*n - 25*n + 17. Is f(-8) prime?
False
Let r = 179 - 251. Let o = r + 69. Is 1*1918/6 + 2/o a composite number?
True
Is (((-2)/(-6))/((-4)/24))/(42/(-2088849)) composite?
False
Let i(t) = -1419*t - 119. Let z(v) = -7*v + 305. Let y be z(45). Is i(y) composite?
False
Suppose -5*q + 1103432 + 416920 = -784013. Is q a prime number?
False
Suppose 0 = -2*g + 8 - 6. Let q = -91 - -95. Is 1939/g + -4 + (q - 2) composite?
True
Let x(s) = -52 + 49 - 15*s - 50. Is x(-24) a composite number?
False
Suppose b + 5 = -j - 0*b, -j - 3*b + 5 = 0. Let m(d) = 31*d**2 + 17*d + 179. Is m(j) prime?
True
Suppose 4*j - 3 = 2*y - 7*y, y - j - 6 = 0. Suppose -y*x = -4*x + 2. Let w(f) = 85*f**3 - 3*f - 1. Is w(x) a composite number?
False
Suppose 1178 = a - 738. Let j = -571 + a. Suppose 4*c + 177 = v + j, 273 = c - 5*v. Is c composite?
False
Supp